{"id":11448,"date":"2026-07-28T14:14:37","date_gmt":"2026-07-28T14:14:37","guid":{"rendered":"https:\/\/orchestra18c.com\/?post_type=artistic-partner&#038;p=11448"},"modified":"2026-07-28T14:14:37","modified_gmt":"2026-07-28T14:14:37","slug":"jakob-lehmann","status":"publish","type":"artistic-partner","link":"https:\/\/orchestra18c.com\/en\/artistic-partner\/jakob-lehmann\/","title":{"rendered":"Jakob Lehmann"},"content":{"rendered":"<p>Jakob Lehmann is quickly establishing himself as a highly sought-after conductor, energetically blending historically informed performance practices and in-depth stylistic research with emotionally sincere and engaging performances on both period and modern instruments, in both the symphonic and operatic worlds.<\/p>\n<p>Following his debut at the 2026 BBC Proms conducting Berlioz\u2019s\u2019 <em>The Damnation of Faust<\/em> With Les Si\u00e8cles, highlights of his 2026\u20132027 season include debuts with the SWR Symphony Orchestra, the WDR Symphony Orchestra, the Munich Radio Orchestra, the Strasbourg Philharmonic Orchestra, the Wuppertal Symphony Orchestra, Musikkollegium Winterthur, and the Tafelmusik Baroque Orchestra, as well as opera productions at the Volksoper Wien and Oper Wuppertal. Among his recurring collaborations are his long-term exploration of Rossini\u2019s music on period instruments together with London\u2019s Monteverdi Choir and Orchestras, and concerts with Les Si\u00e8cles, Orchestra of the 18th Century, and La Banda storica Bern, as well as teaching engagements at the Juilliard School in New York and the Mozarteum in Salzburg.<\/p>\n<p>Recent highlights have included collaborations with the Scottish Chamber Orchestra, the Bruckner Orchestra Linz, the Marseille Philharmonic Orchestra, the Vienna Symphony Orchestra, the Tonk\u00fcnstler Orchestra, the Saarland State Orchestra, the Flanders Symphony Orchestra, and the Beethoven Orchestra Bonn, as well as opera productions at the Th\u00e9\u00e2tre des Champs-\u00c9lys\u00e9es, the Op\u00e9ra de Rennes, Angers-Nantes Op\u00e9ra, and North Carolina Opera.<\/p>\n<p>Highly regarded among period instrument orchestras for his expertise in historically informed performance styles of Classical and Romantic repertoire, he regularly collaborates with high-profile ensembles such as Les Si\u00e8cles, the Monteverdi Choir and Orchestras, the Orchestra of the 18th Century, and Anima Eterna Brugge.<\/p>\n<p>As a specialist in the music of Rossini, Donizetti, Bellini, and the entire Bel Canto period, he has made significant contributions to the exploration and research of historically informed performance practice in this style. From 2019 to 2025, he served as Associate Artistic Director of the New York-based opera company Teatro Nuovo, and currently serves as the company\u2019s Artistic Advisor.<\/p>\n<p>Jakob\u2019s discography spans a wide range of repertoire on various labels, including his 2024 recording of Rossini\u2019s <em>L<\/em><em>\u2019<\/em><em>Italian in Algiers<\/em> with Eroica Berlin on Pan Classics, which was praised for its \u201castonishing approach\u201c and \u201crelentless enthusiasm.\u201c Upcoming releases include Rossini\u2019s <em>Stabat Mater<\/em> and <em>Petite Messe Solennelle<\/em> (with the Monteverdi Choir &amp; Orchestras), and operatic excerpts by Wagner (with Les Si\u00e8cles and Beth Taylor), all on harmonia mundi.<\/p>","protected":false},"featured_media":11449,"template":"","meta":{"_acf_changed":false},"discipline":[37,225],"class_list":["post-11448","artistic-partner","type-artistic-partner","status-publish","has-post-thumbnail","hentry","discipline-dirigent","discipline-musical-direction"],"acf":[],"yoast_head":"<!-- This site is optimized with the Yoast SEO plugin v28.4 - https:\/\/yoast.com\/product\/yoast-seo-wordpress\/ -->\n<title>Jakob Lehmann - Orchestra18c<\/title>\n<meta name=\"robots\" content=\"index, follow, max-snippet:-1, max-image-preview:large, max-video-preview:-1\" \/>\n<link rel=\"canonical\" href=\"https:\/\/orchestra18c.com\/en\/artistic-partner\/jakob-lehmann\/\" \/>\n<meta property=\"og:locale\" content=\"en_US\" \/>\n<meta property=\"og:type\" content=\"article\" \/>\n<meta property=\"og:title\" content=\"Jakob Lehmann - Orchestra18c\" \/>\n<meta property=\"og:description\" content=\"Jakob Lehmann is quickly establishing himself as a highly sought-after conductor, energetically merging historically informed performance styles and fundamental stylistic research with emotionally sincere and engaging performances on period as well as modern instruments, both in the symphonic and operatic world. Following his debut at the 2026 BBC Proms conducting Berlioz\u2019 La damnation de Faust [&hellip;]\" \/>\n<meta property=\"og:url\" content=\"https:\/\/orchestra18c.com\/en\/artistic-partner\/jakob-lehmann\/\" \/>\n<meta property=\"og:site_name\" content=\"Orchestra18c\" \/>\n<meta property=\"article:publisher\" content=\"https:\/\/www.facebook.com\/Orchestra18C\" \/>\n<meta property=\"og:image\" content=\"https:\/\/orchestra18c.com\/wp-content\/uploads\/2026\/07\/P2-bw-\u00a9-Caroline-Doutre_Festival-de-Paques-scaled.jpg\" \/>\n\t<meta property=\"og:image:width\" content=\"2560\" \/>\n\t<meta property=\"og:image:height\" content=\"1707\" \/>\n\t<meta property=\"og:image:type\" content=\"image\/jpeg\" \/>\n<meta name=\"twitter:card\" content=\"summary_large_image\" \/>\n<meta name=\"twitter:site\" content=\"@Orchestra18c\" \/>\n<meta name=\"twitter:label1\" content=\"Est. reading time\" \/>\n\t<meta name=\"twitter:data1\" content=\"2 minutes\" \/>\n<script type=\"application\/ld+json\" class=\"yoast-schema-graph\">{\"@context\":\"https:\\\/\\\/schema.org\",\"@graph\":[{\"@type\":\"WebPage\",\"@id\":\"https:\\\/\\\/orchestra18c.com\\\/en\\\/artistic-partner\\\/jakob-lehmann\\\/\",\"url\":\"https:\\\/\\\/orchestra18c.com\\\/en\\\/artistic-partner\\\/jakob-lehmann\\\/\",\"name\":\"Jakob Lehmann - Orchestra18c\",\"isPartOf\":{\"@id\":\"https:\\\/\\\/orchestra18c.com\\\/#website\"},\"primaryImageOfPage\":{\"@id\":\"https:\\\/\\\/orchestra18c.com\\\/en\\\/artistic-partner\\\/jakob-lehmann\\\/#primaryimage\"},\"image\":{\"@id\":\"https:\\\/\\\/orchestra18c.com\\\/en\\\/artistic-partner\\\/jakob-lehmann\\\/#primaryimage\"},\"thumbnailUrl\":\"https:\\\/\\\/orchestra18c.com\\\/wp-content\\\/uploads\\\/2026\\\/07\\\/P2-bw-\u00a9-Caroline-Doutre_Festival-de-Paques-scaled.jpg\",\"datePublished\":\"2026-07-28T14:14:37+00:00\",\"breadcrumb\":{\"@id\":\"https:\\\/\\\/orchestra18c.com\\\/en\\\/artistic-partner\\\/jakob-lehmann\\\/#breadcrumb\"},\"inLanguage\":\"en-US\",\"potentialAction\":[{\"@type\":\"ReadAction\",\"target\":[\"https:\\\/\\\/orchestra18c.com\\\/en\\\/artistic-partner\\\/jakob-lehmann\\\/\"]}]},{\"@type\":\"ImageObject\",\"inLanguage\":\"en-US\",\"@id\":\"https:\\\/\\\/orchestra18c.com\\\/en\\\/artistic-partner\\\/jakob-lehmann\\\/#primaryimage\",\"url\":\"https:\\\/\\\/orchestra18c.com\\\/wp-content\\\/uploads\\\/2026\\\/07\\\/P2-bw-\u00a9-Caroline-Doutre_Festival-de-Paques-scaled.jpg\",\"contentUrl\":\"https:\\\/\\\/orchestra18c.com\\\/wp-content\\\/uploads\\\/2026\\\/07\\\/P2-bw-\u00a9-Caroline-Doutre_Festival-de-Paques-scaled.jpg\",\"width\":2560,\"height\":1707,\"caption\":\"Jakob Lehmann. Avril 2026. Aix-en-Provence. Photo Caroline Doutre \\\/ Festival de P\u00e2ques\"},{\"@type\":\"BreadcrumbList\",\"@id\":\"https:\\\/\\\/orchestra18c.com\\\/en\\\/artistic-partner\\\/jakob-lehmann\\\/#breadcrumb\",\"itemListElement\":[{\"@type\":\"ListItem\",\"position\":1,\"name\":\"Artistic Partners\",\"item\":\"https:\\\/\\\/orchestra18c.com\\\/artistic-partners\\\/\"},{\"@type\":\"ListItem\",\"position\":2,\"name\":\"Jakob Lehmann\"}]},{\"@type\":\"WebSite\",\"@id\":\"https:\\\/\\\/orchestra18c.com\\\/#website\",\"url\":\"https:\\\/\\\/orchestra18c.com\\\/\",\"name\":\"Orchestra18c\",\"description\":\"Orkest van de Achttiende Eeuw\",\"publisher\":{\"@id\":\"https:\\\/\\\/orchestra18c.com\\\/#organization\"},\"potentialAction\":[{\"@type\":\"SearchAction\",\"target\":{\"@type\":\"EntryPoint\",\"urlTemplate\":\"https:\\\/\\\/orchestra18c.com\\\/?s={search_term_string}\"},\"query-input\":{\"@type\":\"PropertyValueSpecification\",\"valueRequired\":true,\"valueName\":\"search_term_string\"}}],\"inLanguage\":\"en-US\"},{\"@type\":\"Organization\",\"@id\":\"https:\\\/\\\/orchestra18c.com\\\/#organization\",\"name\":\"Orchestra of the Eighteenth Century\",\"url\":\"https:\\\/\\\/orchestra18c.com\\\/\",\"logo\":{\"@type\":\"ImageObject\",\"inLanguage\":\"en-US\",\"@id\":\"https:\\\/\\\/orchestra18c.com\\\/#\\\/schema\\\/logo\\\/image\\\/\",\"url\":\"https:\\\/\\\/orchestra18c.com\\\/wp-content\\\/uploads\\\/2023\\\/09\\\/Orchesta_Eighteenth_Century.png\",\"contentUrl\":\"https:\\\/\\\/orchestra18c.com\\\/wp-content\\\/uploads\\\/2023\\\/09\\\/Orchesta_Eighteenth_Century.png\",\"width\":929,\"height\":929,\"caption\":\"Orchestra of the Eighteenth Century\"},\"image\":{\"@id\":\"https:\\\/\\\/orchestra18c.com\\\/#\\\/schema\\\/logo\\\/image\\\/\"},\"sameAs\":[\"https:\\\/\\\/www.facebook.com\\\/Orchestra18C\",\"https:\\\/\\\/x.com\\\/Orchestra18c\",\"https:\\\/\\\/www.instagram.com\\\/orchestra18c\\\/\"]}]}<\/script>\n<!-- \/ Yoast SEO plugin. -->","yoast_head_json":{"title":"Jakob Lehmann - Orchestra18c","robots":{"index":"index","follow":"follow","max-snippet":"max-snippet:-1","max-image-preview":"max-image-preview:large","max-video-preview":"max-video-preview:-1"},"canonical":"https:\/\/orchestra18c.com\/en\/artistic-partner\/jakob-lehmann\/","og_locale":"en_US","og_type":"article","og_title":"Jakob Lehmann - Orchestra18c","og_description":"Jakob Lehmann is quickly establishing himself as a highly sought-after conductor, energetically merging historically informed performance styles and fundamental stylistic research with emotionally sincere and engaging performances on period as well as modern instruments, both in the symphonic and operatic world. Following his debut at the 2026 BBC Proms conducting Berlioz\u2019 La damnation de Faust [&hellip;]","og_url":"https:\/\/orchestra18c.com\/en\/artistic-partner\/jakob-lehmann\/","og_site_name":"Orchestra18c","article_publisher":"https:\/\/www.facebook.com\/Orchestra18C","og_image":[{"width":2560,"height":1707,"url":"https:\/\/orchestra18c.com\/wp-content\/uploads\/2026\/07\/P2-bw-\u00a9-Caroline-Doutre_Festival-de-Paques-scaled.jpg","type":"image\/jpeg"}],"twitter_card":"summary_large_image","twitter_site":"@Orchestra18c","twitter_misc":{"Est. reading time":"2 minutes"},"schema":{"@context":"https:\/\/schema.org","@graph":[{"@type":"WebPage","@id":"https:\/\/orchestra18c.com\/en\/artistic-partner\/jakob-lehmann\/","url":"https:\/\/orchestra18c.com\/en\/artistic-partner\/jakob-lehmann\/","name":"Jakob Lehmann - Orchestra18c","isPartOf":{"@id":"https:\/\/orchestra18c.com\/#website"},"primaryImageOfPage":{"@id":"https:\/\/orchestra18c.com\/en\/artistic-partner\/jakob-lehmann\/#primaryimage"},"image":{"@id":"https:\/\/orchestra18c.com\/en\/artistic-partner\/jakob-lehmann\/#primaryimage"},"thumbnailUrl":"https:\/\/orchestra18c.com\/wp-content\/uploads\/2026\/07\/P2-bw-\u00a9-Caroline-Doutre_Festival-de-Paques-scaled.jpg","datePublished":"2026-07-28T14:14:37+00:00","breadcrumb":{"@id":"https:\/\/orchestra18c.com\/en\/artistic-partner\/jakob-lehmann\/#breadcrumb"},"inLanguage":"en-US","potentialAction":[{"@type":"ReadAction","target":["https:\/\/orchestra18c.com\/en\/artistic-partner\/jakob-lehmann\/"]}]},{"@type":"ImageObject","inLanguage":"en-US","@id":"https:\/\/orchestra18c.com\/en\/artistic-partner\/jakob-lehmann\/#primaryimage","url":"https:\/\/orchestra18c.com\/wp-content\/uploads\/2026\/07\/P2-bw-\u00a9-Caroline-Doutre_Festival-de-Paques-scaled.jpg","contentUrl":"https:\/\/orchestra18c.com\/wp-content\/uploads\/2026\/07\/P2-bw-\u00a9-Caroline-Doutre_Festival-de-Paques-scaled.jpg","width":2560,"height":1707,"caption":"Jakob Lehmann. Avril 2026. Aix-en-Provence. Photo Caroline Doutre \/ Festival de P\u00e2ques"},{"@type":"BreadcrumbList","@id":"https:\/\/orchestra18c.com\/en\/artistic-partner\/jakob-lehmann\/#breadcrumb","itemListElement":[{"@type":"ListItem","position":1,"name":"Artistic Partners","item":"https:\/\/orchestra18c.com\/artistic-partners\/"},{"@type":"ListItem","position":2,"name":"Jakob Lehmann"}]},{"@type":"WebSite","@id":"https:\/\/orchestra18c.com\/#website","url":"https:\/\/orchestra18c.com\/","name":"Orchestra18c","description":"Orchestra of the Eighteenth Century","publisher":{"@id":"https:\/\/orchestra18c.com\/#organization"},"potentialAction":[{"@type":"SearchAction","target":{"@type":"EntryPoint","urlTemplate":"https:\/\/orchestra18c.com\/?s={search_term_string}"},"query-input":{"@type":"PropertyValueSpecification","valueRequired":true,"valueName":"search_term_string"}}],"inLanguage":"en-US"},{"@type":"Organization","@id":"https:\/\/orchestra18c.com\/#organization","name":"Orchestra of the Eighteenth Century","url":"https:\/\/orchestra18c.com\/","logo":{"@type":"ImageObject","inLanguage":"en-US","@id":"https:\/\/orchestra18c.com\/#\/schema\/logo\/image\/","url":"https:\/\/orchestra18c.com\/wp-content\/uploads\/2023\/09\/Orchesta_Eighteenth_Century.png","contentUrl":"https:\/\/orchestra18c.com\/wp-content\/uploads\/2023\/09\/Orchesta_Eighteenth_Century.png","width":929,"height":929,"caption":"Orchestra of the Eighteenth Century"},"image":{"@id":"https:\/\/orchestra18c.com\/#\/schema\/logo\/image\/"},"sameAs":["https:\/\/www.facebook.com\/Orchestra18C","https:\/\/x.com\/Orchestra18c","https:\/\/www.instagram.com\/orchestra18c\/"]}]}},"_links":{"self":[{"href":"https:\/\/orchestra18c.com\/en\/wp-json\/wp\/v2\/artistic-partner\/11448","targetHints":{"allow":["GET"]}}],"collection":[{"href":"https:\/\/orchestra18c.com\/en\/wp-json\/wp\/v2\/artistic-partner"}],"about":[{"href":"https:\/\/orchestra18c.com\/en\/wp-json\/wp\/v2\/types\/artistic-partner"}],"wp:featuredmedia":[{"embeddable":true,"href":"https:\/\/orchestra18c.com\/en\/wp-json\/wp\/v2\/media\/11449"}],"wp:attachment":[{"href":"https:\/\/orchestra18c.com\/en\/wp-json\/wp\/v2\/media?parent=11448"}],"wp:term":[{"taxonomy":"discipline","embeddable":true,"href":"https:\/\/orchestra18c.com\/en\/wp-json\/wp\/v2\/discipline?post=11448"}],"curies":[{"name":"wp","href":"https:\/\/api.w.org\/{rel}","templated":true}]}}

<p>Jakob Lehmann is quickly establishing himself as a highly sought-after conductor, energetically blending historically informed performance practices and in-depth stylistic research with emotionally sincere and engaging performances on both period and modern instruments, in both the symphonic and operatic worlds.</p>
<p>Following his debut at the 2026 BBC Proms conducting Berlioz’s’ <em>The Damnation of Faust</em> With Les Siècles, highlights of his 2026–2027 season include debuts with the SWR Symphony Orchestra, the WDR Symphony Orchestra, the Munich Radio Orchestra, the Strasbourg Philharmonic Orchestra, the Wuppertal Symphony Orchestra, Musikkollegium Winterthur, and the Tafelmusik Baroque Orchestra, as well as opera productions at the Volksoper Wien and Oper Wuppertal. Among his recurring collaborations are his long-term exploration of Rossini’s music on period instruments together with London’s Monteverdi Choir and Orchestras, and concerts with Les Siècles, Orchestra of the 18th Century, and La Banda storica Bern, as well as teaching engagements at the Juilliard School in New York and the Mozarteum in Salzburg.</p>
<p>Recent highlights have included collaborations with the Scottish Chamber Orchestra, the Bruckner Orchestra Linz, the Marseille Philharmonic Orchestra, the Vienna Symphony Orchestra, the Tonkünstler Orchestra, the Saarland State Orchestra, the Flanders Symphony Orchestra, and the Beethoven Orchestra Bonn, as well as opera productions at the Théâtre des Champs-Élysées, the Opéra de Rennes, Angers-Nantes Opéra, and North Carolina Opera.</p>
<p>Highly regarded among period instrument orchestras for his expertise in historically informed performance styles of Classical and Romantic repertoire, he regularly collaborates with high-profile ensembles such as Les Siècles, the Monteverdi Choir and Orchestras, the Orchestra of the 18th Century, and Anima Eterna Brugge.</p>
<p>As a specialist in the music of Rossini, Donizetti, Bellini, and the entire Bel Canto period, he has made significant contributions to the exploration and research of historically informed performance practice in this style. From 2019 to 2025, he served as Associate Artistic Director of the New York-based opera company Teatro Nuovo, and currently serves as the company’s Artistic Advisor.</p>
<p>Jakob’s discography spans a wide range of repertoire on various labels, including his 2024 recording of Rossini’s <em>L</em><em>’</em><em>Italian in Algiers</em> with Eroica Berlin on Pan Classics, which was praised for its “astonishing approach“ and “relentless enthusiasm.“ Upcoming releases include Rossini’s <em>Stabat Mater</em> and <em>Petite Messe Solennelle</em> (with the Monteverdi Choir &amp; Orchestras), and operatic excerpts by Wagner (with Les Siècles and Beth Taylor), all on harmonia mundi.</p>

<!-- This site is optimized with the Yoast SEO plugin v28.4 - https://yoast.com/product/yoast-seo-wordpress/ -->
<title>Jakob Lehmann - Orchestra18c</title>
<meta name="robots" content="index, follow, max-snippet:-1, max-image-preview:large, max-video-preview:-1" />
<link rel="canonical" href="https://orchestra18c.com/en/artistic-partner/jakob-lehmann/" />
<meta property="og:locale" content="en_US" />
<meta property="og:type" content="article" />
<meta property="og:title" content="Jakob Lehmann - Orchestra18c" />
<meta property="og:description" content="Jakob Lehmann is quickly establishing himself as a highly sought-after conductor, energetically merging historically informed performance styles and fundamental stylistic research with emotionally sincere and engaging performances on period as well as modern instruments, both in the symphonic and operatic world. Following his debut at the 2026 BBC Proms conducting Berlioz’ La damnation de Faust [&hellip;]" />
<meta property="og:url" content="https://orchestra18c.com/en/artistic-partner/jakob-lehmann/" />
<meta property="og:site_name" content="Orchestra18c" />
<meta property="article:publisher" content="https://www.facebook.com/Orchestra18C" />
<meta property="og:image" content="https://orchestra18c.com/wp-content/uploads/2026/07/P2-bw-©-Caroline-Doutre_Festival-de-Paques-scaled.jpg" />
	<meta property="og:image:width" content="2560" />
	<meta property="og:image:height" content="1707" />
	<meta property="og:image:type" content="image/jpeg" />
<meta name="twitter:card" content="summary_large_image" />
<meta name="twitter:site" content="@Orchestra18c" />
<meta name="twitter:label1" content="Est. reading time" />
	<meta name="twitter:data1" content="2 minutes" />
<script type="application/ld+json" class="yoast-schema-graph">{"@context":"https:\/\/schema.org","@graph":[{"@type":"WebPage","@id":"https:\/\/orchestra18c.com\/en\/artistic-partner\/jakob-lehmann\/","url":"https:\/\/orchestra18c.com\/en\/artistic-partner\/jakob-lehmann\/","name":"Jakob Lehmann - Orchestra18c","isPartOf":{"@id":"https:\/\/orchestra18c.com\/#website"},"primaryImageOfPage":{"@id":"https:\/\/orchestra18c.com\/en\/artistic-partner\/jakob-lehmann\/#primaryimage"},"image":{"@id":"https:\/\/orchestra18c.com\/en\/artistic-partner\/jakob-lehmann\/#primaryimage"},"thumbnailUrl":"https:\/\/orchestra18c.com\/wp-content\/uploads\/2026\/07\/P2-bw-©-Caroline-Doutre_Festival-de-Paques-scaled.jpg","datePublished":"2026-07-28T14:14:37+00:00","breadcrumb":{"@id":"https:\/\/orchestra18c.com\/en\/artistic-partner\/jakob-lehmann\/#breadcrumb"},"inLanguage":"en-US","potentialAction":[{"@type":"ReadAction","target":["https:\/\/orchestra18c.com\/en\/artistic-partner\/jakob-lehmann\/"]}]},{"@type":"ImageObject","inLanguage":"en-US","@id":"https:\/\/orchestra18c.com\/en\/artistic-partner\/jakob-lehmann\/#primaryimage","url":"https:\/\/orchestra18c.com\/wp-content\/uploads\/2026\/07\/P2-bw-©-Caroline-Doutre_Festival-de-Paques-scaled.jpg","contentUrl":"https:\/\/orchestra18c.com\/wp-content\/uploads\/2026\/07\/P2-bw-©-Caroline-Doutre_Festival-de-Paques-scaled.jpg","width":2560,"height":1707,"caption":"Jakob Lehmann. Avril 2026. Aix-en-Provence. Photo Caroline Doutre \/ Festival de Pâques"},{"@type":"BreadcrumbList","@id":"https:\/\/orchestra18c.com\/en\/artistic-partner\/jakob-lehmann\/#breadcrumb","itemListElement":[{"@type":"ListItem","position":1,"name":"Artistic Partners","item":"https:\/\/orchestra18c.com\/artistic-partners\/"},{"@type":"ListItem","position":2,"name":"Jakob Lehmann"}]},{"@type":"WebSite","@id":"https:\/\/orchestra18c.com\/#website","url":"https:\/\/orchestra18c.com\/","name":"Orchestra18c","description":"Orkest van de Achttiende Eeuw","publisher":{"@id":"https:\/\/orchestra18c.com\/#organization"},"potentialAction":[{"@type":"SearchAction","target":{"@type":"EntryPoint","urlTemplate":"https:\/\/orchestra18c.com\/?s={search_term_string}"},"query-input":{"@type":"PropertyValueSpecification","valueRequired":true,"valueName":"search_term_string"}}],"inLanguage":"en-US"},{"@type":"Organization","@id":"https:\/\/orchestra18c.com\/#organization","name":"Orchestra of the Eighteenth Century","url":"https:\/\/orchestra18c.com\/","logo":{"@type":"ImageObject","inLanguage":"en-US","@id":"https:\/\/orchestra18c.com\/#\/schema\/logo\/image\/","url":"https:\/\/orchestra18c.com\/wp-content\/uploads\/2023\/09\/Orchesta_Eighteenth_Century.png","contentUrl":"https:\/\/orchestra18c.com\/wp-content\/uploads\/2023\/09\/Orchesta_Eighteenth_Century.png","width":929,"height":929,"caption":"Orchestra of the Eighteenth Century"},"image":{"@id":"https:\/\/orchestra18c.com\/#\/schema\/logo\/image\/"},"sameAs":["https:\/\/www.facebook.com\/Orchestra18C","https:\/\/x.com\/Orchestra18c","https:\/\/www.instagram.com\/orchestra18c\/"]}]}</script>
<!-- / Yoast SEO plugin. -->

Jakob Lehmann. Avril 2026. Aix-en-Provence. Photo Caroline Doutre / Festival de Pâques
